{"id":143,"date":"2015-01-15T18:39:21","date_gmt":"2015-01-15T18:39:21","guid":{"rendered":"http:\/\/helsinginlaivastokilta.fi\/?page_id=143"},"modified":"2025-05-26T18:54:13","modified_gmt":"2025-05-26T15:54:13","slug":"jaseneksi","status":"publish","type":"page","link":"https:\/\/www.suomenlahdenlaivastokilta.fi\/index.php\/jaseneksi\/","title":{"rendered":"J\u00e4seneksi?"},"content":{"rendered":"\n<p>Suomenlahden Laivastokillan j\u00e4seneksi voit liitty\u00e4 osoitteessa  <a href=\"https:\/\/mpkl.fi\/jasenille\/\">https:\/\/mpkl.fi\/jasenille\/<\/a> <br><br>J\u00e4senmaksu vuodelle 2025 on 40 euroa. J\u00e4senmaksuun sis\u00e4ltyy Maanpuolustaja-lehti (2 nroa\/vuosi) sek\u00e4 Ankkurinappi-lehti (2 nroa\/vuosi).<\/p>\n\n\n\n<p><\/p>\n\n\n\n<p><strong>HUOM!<\/strong> Kiltalaiset voivat tilata Suomen Sotilas -lehden kiltahintaan 55 \u20ac\/vuosi (norm. 72 \u20ac\/vuosi).<\/p>\n\n\n\n<p><strong>Miksi tilata Suomen Sotilas?<\/strong><\/p>\n\n\n\n<p>Ainutlaatuinen tietol\u00e4hde: Saat k\u00e4ytt\u00f6\u00f6si tietoa, jota et l\u00f6yd\u00e4 mist\u00e4\u00e4n muualta. Suomen Sotilas kattaa kaiken sotahistoriasta nykyp\u00e4iv\u00e4n puolustustekniikkaan ja -taktiikkaan.<br>Monipuolinen sis\u00e4lt\u00f6: Jokainen numero tarjoaa syv\u00e4llisi\u00e4 artikkeleita, henkil\u00f6kuvia, testej\u00e4 ja historiaa maanpuolustuksesta ja turvallisuudesta.<br>Helppo tilata: Voit tilata lehden suoraan kotiisi t\u00e4ytt\u00e4m\u00e4ll\u00e4 tilauslomakkeen, soittamalla asiakaspalveluun tai valitsemalla digitaalisen version verkkokaupastamme.<\/p>\n\n\n\n<p>Tee tilaus nyt ja varmista, ett\u00e4 saat kaiken tarvitsemasi tiedon suoraan luotettavasta l\u00e4hteest\u00e4<br><a href=\"https:\/\/suomensotilas.fi\">https:\/\/suomensotilas.fi<\/a><\/p>\n","protected":false},"excerpt":{"rendered":"<p>Suomenlahden Laivastokillan j\u00e4seneksi voit liitty\u00e4 osoitteessa https:\/\/mpkl.fi\/jasenille\/ J\u00e4senmaksu vuodelle 2025 on 40 euroa. J\u00e4senmaksuun sis\u00e4ltyy Maanpuolustaja-lehti (2 nroa\/vuosi) sek\u00e4 Ankkurinappi-lehti (2 nroa\/vuosi). HUOM! Kiltalaiset voivat tilata Suomen Sotilas -lehden kiltahintaan 55 \u20ac\/vuosi (norm. 72 \u20ac\/vuosi). Miksi tilata Suomen Sotilas? Ainutlaatuinen tietol\u00e4hde: Saat k\u00e4ytt\u00f6\u00f6si tietoa, jota et l\u00f6yd\u00e4 mist\u00e4\u00e4n muualta. Suomen Sotilas kattaa kaiken sotahistoriasta nykyp\u00e4iv\u00e4n [&hellip;]<\/p>\n","protected":false},"author":1,"featured_media":0,"parent":0,"menu_order":0,"comment_status":"closed","ping_status":"open","template":"","meta":{"footnotes":""},"class_list":["post-143","page","type-page","status-publish","hentry"],"jetpack_sharing_enabled":true,"_links":{"self":[{"href":"https:\/\/www.suomenlahdenlaivastokilta.fi\/index.php\/wp-json\/wp\/v2\/pages\/143","targetHints":{"allow":["GET"]}}],"collection":[{"href":"https:\/\/www.suomenlahdenlaivastokilta.fi\/index.php\/wp-json\/wp\/v2\/pages"}],"about":[{"href":"https:\/\/www.suomenlahdenlaivastokilta.fi\/index.php\/wp-json\/wp\/v2\/types\/page"}],"author":[{"embeddable":true,"href":"https:\/\/www.suomenlahdenlaivastokilta.fi\/index.php\/wp-json\/wp\/v2\/users\/1"}],"replies":[{"embeddable":true,"href":"https:\/\/www.suomenlahdenlaivastokilta.fi\/index.php\/wp-json\/wp\/v2\/comments?post=143"}],"version-history":[{"count":8,"href":"https:\/\/www.suomenlahdenlaivastokilta.fi\/index.php\/wp-json\/wp\/v2\/pages\/143\/revisions"}],"predecessor-version":[{"id":560,"href":"https:\/\/www.suomenlahdenlaivastokilta.fi\/index.php\/wp-json\/wp\/v2\/pages\/143\/revisions\/560"}],"wp:attachment":[{"href":"https:\/\/www.suomenlahdenlaivastokilta.fi\/index.php\/wp-json\/wp\/v2\/media?parent=143"}],"curies":[{"name":"wp","href":"https:\/\/api.w.org\/{rel}","templated":true}]}}