{"id":507,"date":"2023-08-31T20:03:30","date_gmt":"2023-08-31T17:03:30","guid":{"rendered":"https:\/\/www.suomenlahdenlaivastokilta.fi\/?page_id=507"},"modified":"2026-03-11T10:50:34","modified_gmt":"2026-03-11T08:50:34","slug":"ajankohtaista","status":"publish","type":"page","link":"https:\/\/www.suomenlahdenlaivastokilta.fi\/index.php\/ajankohtaista\/","title":{"rendered":"Ajankohtaista"},"content":{"rendered":"\n<p class=\"has-large-font-size\"><strong>Killan kev\u00e4tkokous 2026<\/strong><\/p>\n\n\n\n<p class=\"has-medium-font-size\">Tervetuloa Suomenlahden Laivastokilta ry:n <strong>kev\u00e4tkokoukseen <\/strong> <strong>tiistaina 28.4 klo 18.00. <\/strong><br>Kokous on maanpuolustusj\u00e4rjest\u00f6jen talon auditoriossa <strong>T\u00f6\u00f6l\u00f6ntorinkatu 2 B<\/strong>. <br>Auditorio sijaitsee ensimm\u00e4isess\u00e4 kerroksessa (kulmassa olevan lipan alta sis\u00e4\u00e4n). <br>Kahvitarjoilu.<\/p>\n\n\n\n<p class=\"has-medium-font-size\">Ilmoittautuminen 26.4. menness\u00e4 sihteeri Laura Antinille\u00a0<a href=\"mailto:laura.antin@gmail.com\" target=\"_blank\" rel=\"noreferrer noopener\">laura.antin@gmail.com<\/a><\/p>\n\n\n\n<p><strong>TERVETULOA!<\/strong><\/p>\n\n\n\n<p><\/p>\n\n\n\n<hr class=\"wp-block-separator has-alpha-channel-opacity\"\/>\n\n\n\n<p><strong>PIPOA TARJOLLA<\/strong><br>Kylm\u00e4\u00e4n syksyiseen ja talviseen s\u00e4\u00e4h\u00e4n on tarjolla musta, killan logolla varustettu l\u00e4mmin pipo. Musta pipo valkoisella logolla sopii kaikille ja se on luotettavaa 3M Thinsulate laatua. L\u00e4mmitt\u00e4\u00e4 mukavasti niin maalla kuin merell\u00e4!<br><strong>Tilaukset<\/strong>:  larseklund@kolumbus.fi tai puh. 0440 955 558<br>Hinta on 20 \u20ac + toimituskulut. T\u00e4st\u00e4 linkist\u00e4 n\u00e4et kuvan piposta:   <a href=\"https:\/\/www.suomenlahdenlaivastokilta.fi\/wp-content\/uploads\/2023\/09\/Killan_pipo.jpg\">https:\/\/www.suomenlahdenlaivastokilta.fi\/wp-content\/uploads\/2023\/09\/Killan_pipo.jpg<\/a><\/p>\n\n\n\n<p><strong>PS.<\/strong> Bonuksena saat killan upean pinssin koko 20&#215;20 mm. Kuva pinssist\u00e4: <a href=\"https:\/\/www.suomenlahdenlaivastokilta.fi\/wp-content\/uploads\/2023\/09\/SLLK_pinssi.jpg\">https:\/\/www.suomenlahdenlaivastokilta.fi\/wp-content\/uploads\/2023\/09\/SLLK_pinssi.jpg<\/a><\/p>\n\n\n\n<p><strong>HYV\u00c4\u00c4 SYKSY\u00c4!<\/strong><\/p>\n\n\n\n<hr class=\"wp-block-separator has-alpha-channel-opacity\"\/>\n\n\n\n<p><\/p>\n","protected":false},"excerpt":{"rendered":"<p>Killan kev\u00e4tkokous 2026 Tervetuloa Suomenlahden Laivastokilta ry:n kev\u00e4tkokoukseen tiistaina 28.4 klo 18.00. Kokous on maanpuolustusj\u00e4rjest\u00f6jen talon auditoriossa T\u00f6\u00f6l\u00f6ntorinkatu 2 B. Auditorio sijaitsee ensimm\u00e4isess\u00e4 kerroksessa (kulmassa olevan lipan alta sis\u00e4\u00e4n). Kahvitarjoilu. Ilmoittautuminen 26.4. menness\u00e4 sihteeri Laura Antinille\u00a0laura.antin@gmail.com TERVETULOA! PIPOA TARJOLLAKylm\u00e4\u00e4n syksyiseen ja talviseen s\u00e4\u00e4h\u00e4n on tarjolla musta, killan logolla varustettu l\u00e4mmin pipo. Musta pipo valkoisella logolla [&hellip;]<\/p>\n","protected":false},"author":2,"featured_media":0,"parent":0,"menu_order":0,"comment_status":"closed","ping_status":"closed","template":"","meta":{"footnotes":""},"class_list":["post-507","page","type-page","status-publish","hentry"],"jetpack_sharing_enabled":true,"_links":{"self":[{"href":"https:\/\/www.suomenlahdenlaivastokilta.fi\/index.php\/wp-json\/wp\/v2\/pages\/507","targetHints":{"allow":["GET"]}}],"collection":[{"href":"https:\/\/www.suomenlahdenlaivastokilta.fi\/index.php\/wp-json\/wp\/v2\/pages"}],"about":[{"href":"https:\/\/www.suomenlahdenlaivastokilta.fi\/index.php\/wp-json\/wp\/v2\/types\/page"}],"author":[{"embeddable":true,"href":"https:\/\/www.suomenlahdenlaivastokilta.fi\/index.php\/wp-json\/wp\/v2\/users\/2"}],"replies":[{"embeddable":true,"href":"https:\/\/www.suomenlahdenlaivastokilta.fi\/index.php\/wp-json\/wp\/v2\/comments?post=507"}],"version-history":[{"count":17,"href":"https:\/\/www.suomenlahdenlaivastokilta.fi\/index.php\/wp-json\/wp\/v2\/pages\/507\/revisions"}],"predecessor-version":[{"id":570,"href":"https:\/\/www.suomenlahdenlaivastokilta.fi\/index.php\/wp-json\/wp\/v2\/pages\/507\/revisions\/570"}],"wp:attachment":[{"href":"https:\/\/www.suomenlahdenlaivastokilta.fi\/index.php\/wp-json\/wp\/v2\/media?parent=507"}],"curies":[{"name":"wp","href":"https:\/\/api.w.org\/{rel}","templated":true}]}}